 when t is divided by 2?
1
Let y be -1*((-3 - -3) + 57). Let r = y + 130. Let v = -33 - -52. What is the remainder when r is divided by v?
16
Let j = 14 + -12. Suppose 0 = -j*h - 2, 0 = k - 3*h - 8. Calculate the remainder when k is divided by 0 - (-3 + (-3)/3).
1
Suppose -2*v - 144 = 4*v. Let y = v - -20. Let r(o) = -9*o + 4. Calculate the remainder when r(y) is divided by 7.
5
Let b = 20 - -62. Calculate the remainder when b is divided by 37.
8
Let x(t) = -t**2 + 16*t - 44. What is the remainder when (-1 - 0 - -7)*6 is divided by x(7)?
17
Suppose 270 = 2*y - 2*p, -5*y + 18*p = 16*p - 690. What is the remainder when y is divided by 49?
42
Let d = 2544 - 2533. What is the remainder when 141 is divided by d?
9
Let z(j) = -2*j**2 + 22*j + 8. Calculate the remainder when z(9) is divided by 17.
10
Suppose -5*r = -5*h - 3*r + 107, 5*r + 49 = 3*h. Suppose -h = -w + 5*t, w + 4*t - 3*t = 29. What is the remainder when (1 - 33/(-4))*12 is divided by w?
27
Let o = -72 + 117. Let j(h) = -h**2 + 10*h + 12. What is the remainder when o is divided by j(10)?
9
Let g be (2 + -5 - -1) + -2. Let y = g + 4. Calculate the remainder when 0/(-4) + y - -63 is divided by 16.
15
Suppose z - 3 = -4*a + 3, 2*z + 5*a - 12 = 0. What is the remainder when 19 is divided by z?
1
Let f be (-4)/(-5)*10/4. Suppose -150 = -h + 4*m, f*m - 564 = -2*h - 2*h. What is the remainder when h is divided by 49?
44
Let k be 16/(-6)*(-15)/10. Suppose -l + 12 = -k*l, -4*z - 3*l = -32. Calculate the remainder when ((-8)/(-4))/(-2*3/(-60)) is divided by z.
9
Suppose 5*v - 3*n - 199 = 0, -54 - 65 = -3*v + 2*n. Calculate the remainder when 5 - -118 - (1 + 0) is divided by v.
40
What is the remainder when 10 is divided by (-2)/8 + (-4)/((-112)/91)?
1
Let f(p) = -p**3 - 3*p**2 + 5*p + 2. Let m be f(-4). Let q be 1 + (-3 - (36 - m)). Let y = 11 - q. Calculate the remainder when y is divided by 18.
15
Let o(x) = -x + 87. Let f = 58 - 28. What is the remainder when o(0) is divided by f?
27
Suppose 2*q + y - 15 = 4*y, -5*q = -5*y - 35. Suppose b + 9 = 5*f, -11 = f - q*f - b. Let k(n) = 6*n - 4. What is the remainder when 23 is divided by k(f)?
7
Suppose 0 = 7*d + 304 - 346. Calculate the remainder when (39/6)/((-2)/(-4)) is divided by d.
1
Let h = 4 + -8. Let w be (-228)/(-44) - h/(-22). Let u = w - 2. What is the remainder when 6 is divided by u?
0
Let n be ((-12)/(-20))/(2/10). Suppose 2 = -n*i + 11. Suppose 5*w - 8 = 12. What is the remainder when w is divided by i?
1
Let g be (-2 + 2)/(2 + -1). Let i(z) = -2*z + z + 0*z - 3 + g. Calculate the remainder when 8 is divided by i(-6).
2
Let n = 43 + -26. Let j = n - -4. What is the remainder when 61 is divided by j?
19
Let s(g) = -2*g - 27. What is the remainder when 113 is divided by s(-18)?
5
Suppose 30*x - 3703 = 2357. What is the remainder when 412 is divided by x?
8
Let c(l) = 5*l**2 + 78*l + 4. What is the remainder when c(-17) is divided by 23?
8
Let s be (4/(-10))/(18/(-2250)). Let z = -43 + s. Suppose 5*a - 13 = -3*f + 55, 5*f = 3*a + 136. Calculate the remainder when f is divided by z.
5
Let g = -159 - -141. What is the remainder when 40 is divided by ((-7)/1)/(g - -17)?
5
What is the remainder when (0 - 2/(-4))*82 - -5 is divided by 11?
2
Suppose 6*o + o = 385. Calculate the remainder when 212 is divided by o.
47
Let b be 24/(-36)*23*-6. Suppose 5*h + b = 7*h. Let d = 71 + h. What is the remainder when d is divided by 30?
27
Calculate the remainder when (-2 - 1490/(-15))/(2/3) is divided by 74.
72
Let j = -51 + 75. Calculate the remainder when j is divided by 16.
8
Suppose -v = -0*m - 3*m + 4, 0 = -5*v - 3*m + 52. Suppose -5*l + 56 = -309. Calculate the remainder when l is divided by v/20 - (-3)/(-5)*-31.
16
Let r(k) = -k**2 - 55*k - 85. What is the remainder when 83 is divided by r(-53)?
20
Calculate the remainder when (456/(-42))/((-12)/126) is divided by 64.
50
Let f = 669 + -12. What is the remainder when f is divided by 11?
8
Let m(v) = 26*v**2 + 7*v + 11. What is the remainder when m(-2) is divided by 82?
19
Let i(a) = a - 5. Let j be i(8). Suppose 8*g = j*g + 285. Suppose -4*p = 4*l - 0*l - 48, 0 = -5*p - 2*l + g. Calculate the remainder when p is divided by 7.
4
Suppose 2*q - 4*v + 34 = 6, 2*q = 5*v - 32. Calculate the remainder when 80 is divided by (-9)/q*2 - -6.
8
Suppose -5*v = -23 - 12. Suppose 85*j - 56*j + 799 = 46*j. What is the remainder when j is divided by v?
5
Suppose -235*d + 238 = -228*d. Calculate the remainder when d is divided by 18.
16
Suppose -3*m = -m - 10. Suppose 0 = 3*j - 3*t + 15, m*t - 1 = j + 3*t. What is the remainder when 13 is divided by (-8)/(-2) - j/3?
6
Calculate the remainder when 65 is divided by 2/(1*20/5)*10.
0
What is the remainder when 261 is divided by ((-28)/4 + 31)*1?
21
Suppose 0 = 3*k - 0 + 3. Let y = k + -7. Let u(z) = -8*z - 8. What is the remainder when u(y) is divided by 29?
27
Suppose 0 = 6*f + 2 - 8. Let l(b) = -2*b + 5. Suppose 4*g - 40 = 4*c - c, -2*g + 4*c = -20. What is the remainder when g is divided by l(f)?
1
Calculate the remainder when ((-35)/21)/((-1)/183) is divided by 34.
33
Let r = -42 + 21. Let a be ((-36)/10)/((-2)/(-5)). Let m = a - r. What is the remainder when 34 is divided by m?
10
What is the remainder when ((-6142)/(-185))/((-1)/(-5)) is divided by 19?
14
Let u(a) = a**2 + 9*a + 9. Let c be u(-8). Let r be (c + -12)/((-7)/14). Calculate the remainder when r + 4 + 3/(-3) is divided by 14.
11
Calculate the remainder when (5/9)/(-5) + 3476/18 is divided by 7.
4
What is the remainder when (-5 - -8)*102/2 is divided by 20?
13
Let u(q) = q**3 + 7*q**2 + 7*q + 8. Let k be u(-6). Suppose -k*f + 22 = -0. Let s = f + -5. What is the remainder when 17 is divided by s?
5
Let d(w) = -w**2 - 7*w + 21. Let x be d(-10). Calculate the remainder when 59 is divided by -13 - x - ((-19 - -1) + -2).
11
Let c be (-1725)/(-20) - 2/8. Suppose -4*l + 6 = -c. Let q(o) = -42*o**3 + 1. What is the remainder when q(-1) is divided by l?
20
Suppose -3*k + 38 - 8 = 0. What is the remainder when 336 is divided by k?
6
Let j = 1 - 4. Let b be (50 - j) + -2 + 4. Suppose -g = 4, x + 2*x + 5*g = b. What is the remainder when x is divided by 13?
12
Suppose 38 = -3*f + 281. Let i = 213 - f. Let s = i - 74. Calculate the remainder when s is divided by 10.
8
Let y(c) be the second derivative of 0 + 3*c + 7*c**2 - 1/6*c**3. What is the remainder when y(0) is divided by 5?
4
Suppose -4*c + r - 97 = 198, -4*c = 3*r + 283. Let t = 124 + c. Calculate the remainder when t is divided by 14.
9
Let f = 48 + -48. Suppose -5*t + 16 - 1 = f. What is the remainder when 5 is divided by t?
2
Suppose -91*r = -120*r + 1218. Calculate the remainder when r is divided by 30.
12
Let v be ((-3)/4)/((-54)/11952). Let i = v - 142. What is the remainder when 44 is divided by i?
20
Let r = 19 - 48. Let s = 45 + r. What is the remainder when (32/(-40))/(4/(-150)) is divided by s?
14
Suppose 0*b + 6 = 2*b. Let c be 4/(-10) - (0 + 20/(-50)). Suppose -22 = -b*f - 4*g - c*g, 4*g + 26 = 5*f. What is the remainder when 23 is divided by f?
5
Let l = 46 - 25. What is the remainder when l is divided by (66 - 60)*(-1 - -2)?
3
Suppose -8*v = -0 - 16. Suppose -4*z = -4*d, 0 = z + v*z + 5*d - 40. Calculate the remainder when 29 is divided by z.
4
Let d be 6/8*(-16)/(-6). Let g(r) = 14*r**2 + r - 4. Calculate the remainder when g(d) is divided by 11.
10
Suppose -4*o = 5*y - 147, 95 + 13 = 3*o + 3*y. Calculate the remainder when 125 is divided by o.
26
Suppose -2970 = -31*r + r. Calculate the remainder when 296 is divided by r.
98
Let x = 37 - -20. Suppose 2*i + 5*k = -2, 4*i - 2 - 12 = -k. Let t(a) = 2*a**2 - 4*a - 1. What is the remainder when x is divided by t(i)?
12
Suppose -3*o + 2 = -2*o. Let c be o/(3*2/(-36)). Calculate the remainder when 37 + c/16*-4 is divided by 21.
19
Suppose -5*o + 30 = 5. Let c = 10 - -18. Let v = c + -9. Calculate the remainder when v is divided by o.
4
Let g(l) = 6*l**2 - 4. Let j = 28 + -30. Calculate the remainder when g(j) is divided by (-14 + 0)*2/(-4).
6
Let j = -4 - -8. Let s be 348/15 + 2/(-10). Suppose -j*i + s = -13. What is the remainder when i is divided by 4?
1
Let k(p) = -6*p - 3. Let w = 27 - 36. Let l be k(w). Calculate the remainder when (2 + -8)*l/(-9) is divided by 9.
7
Suppose 5*a = 3*a + 4*